v) = 4*v**2 - 98*v + 580. What is q(11)?
-14
Let p(c) = -2*c**3 - 19*c**2 - 11*c + 32. Determine p(-9).
50
Let u(k) = -3*k**2 + 101*k - 99. Give u(33).
-33
Let y(n) = -n**3 - 3*n**2 + n + 8. What is y(-3)?
5
Let m(l) = 275*l + 54418. Give m(-198).
-32
Let f(x) = -3*x**3 + 199*x**2 - 256*x - 275. What is f(65)?
-15
Let i(n) = 5*n**3 - 151*n**2 + 41*n - 325. Determine i(30).
5
Let m(a) = 135*a - 2310. Calculate m(17).
-15
Let c(t) = -2*t**3 + 131*t**2 - 555*t + 344. Determine c(61).
-22
Let i(k) = -19*k + 8. What is i(1)?
-11
Let t(y) = -5*y**3 + y**2 + 126*y + 124. What is t(-1)?
4
Let g(r) = r**2 + 70*r + 866. Give g(-55).
41
Let o(c) = 22*c - 867. What is o(41)?
35
Let n(h) = 19*h**2 - 195*h - 156. Calculate n(11).
-2
Let x(m) = -2*m**3 - 263*m**2 - 147*m - 2103. Give x(-131).
-7
Let x(c) = 6*c**2 - 20*c - 71. Calculate x(-3).
43
Let p(a) = -640*a + 6970. Give p(11).
-70
Let r(q) = 1759*q - 87942. Calculate r(50).
8
Let r(i) = -2*i**2 - 663*i - 39892. Calculate r(-79).
3
Let j(m) = 17*m - 125. Determine j(19).
198
Let f(a) = -9*a - 69. Calculate f(-3).
-42
Let d(f) = f**3 - 8*f**2 - 7*f + 37. Give d(4).
-55
Let l(a) = -2*a**2 - 6*a + 682. Calculate l(18).
-74
Let i(k) = 198*k + 14464. What is i(-73)?
10
Let s(o) = -3*o**2 + 19*o - 88. What is s(6)?
-82
Let t(n) = -n**3 - 17*n**2 + 8*n + 383. Give t(-16).
-1
Let t(s) = 40*s**3 - 273*s**2 - 4*s + 14. Calculate t(7).
329
Let r(t) = -8*t**3 + 4*t**2 - 3. Calculate r(1).
-7
Let q(o) = 2*o**2 + 49*o - 683. Determine q(10).
7
Let s(q) = 49*q**2 - 113*q + 11. What is s(1)?
-53
Let l(y) = y**3 + 66*y**2 - 435*y + 7. Determine l(6).
-11
Let i(k) = -k**2 - 37*k - 75. What is i(0)?
-75
Let j(i) = -146*i**2 - 759*i - 151. Calculate j(-5).
-6
Let y(r) = r**2 + 45*r - 65. What is y(-40)?
-265
Let r(h) = -3*h**2 - 96*h + 196. What is r(2)?
-8
Let c(n) = -10*n**2 + 68*n - 120. Give c(3).
-6
Let z(y) = 19*y + 431. Calculate z(-22).
13
Let l(a) = -2*a**2 + 84*a + 281. Determine l(48).
-295
Let p(l) = -7*l**2 + 206*l - 132. Give p(29).
-45
Let d(n) = 9*n**2 - 176*n - 176. Give d(-1).
9
Let u(k) = k**3 + 182*k**2 + 1222*k - 512. What is u(-175)?
13
Let o(w) = w**3 - 6*w**2 - 247*w + 1. What is o(19)?
1
Let a(d) = 204*d**3 + d**2 - 2. Give a(1).
203
Let o(q) = 5*q**2 + 386*q + 7075. Determine o(-30).
-5
Let d(n) = 2*n**3 + 3*n**2 - 52*n + 39. Determine d(4).
7
Let u(f) = -f**3 + 159*f**2 + 133*f + 4335. What is u(160)?
15
Let m(p) = -6*p**2 - 141*p + 550. Give m(4).
-110
Let x(r) = -18*r - 24. What is x(-16)?
264
Let g(a) = -13*a**2 - 1185*a - 182. Determine g(-91).
0
Let z(g) = g**2 + 38*g + 333. What is z(-25)?
8
Let r(f) = 44*f - 205. What is r(5)?
15
Let x(s) = -35*s + 207. What is x(8)?
-73
Let x(o) = -59*o + 461. Calculate x(12).
-247
Let t(k) = k**3 + 47*k**2 + 173*k + 2. What is t(-4)?
-2
Let d(h) = -37*h - 69. Calculate d(-2).
5
Let t(b) = -b**2 + 55*b - 617. Calculate t(48).
-281
Let n(r) = 435*r - 47852. Calculate n(110).
-2
Let a(b) = b**2 - 4477*b - 13432. Calculate a(-3).
8
Let z(r) = 50*r - 253. Calculate z(6).
47
Let f(g) = 12*g**3 + 2*g**2 - 5*g + 4. Determine f(1).
13
Let f(m) = m**2 - 36*m - 2049. Determine f(-31).
28
Let a(x) = -14*x - 378. Calculate a(-41).
196
Let m(h) = -9*h - 225. Calculate m(-20).
-45
Let z(k) = -k**2 - 34*k - 4. What is z(-37)?
-115
Let a(u) = 23*u + 1525. Determine a(-48).
421
Let z(k) = 2*k**2 + 39*k + 16. Calculate z(-19).
-3
Let g(f) = -6*f**2 - 10*f - 19. Determine g(4).
-155
Let w(x) = x**3 - 4*x**2 - 37*x + 158. Give w(3).
38
Let c(k) = -k**2 - 725*k - 3594. What is c(-5)?
6
Let f(w) = -15*w**2 - 1080*w - 14. What is f(-72)?
-14
Let a(i) = 4*i**3 + 9*i**2 + 13*i + 15. What is a(-2)?
-7
Let k(y) = -y**3 + 28*y**2 + 2*y + 786. Give k(29).
3
Let h(v) = 2*v**2 - 64*v - 443. Calculate h(-6).
13
Let b(u) = -72*u - 2827. Determine b(-38).
-91
Let d(g) = -67*g - 2480. Determine d(-34).
-202
Let p(v) = 28*v**2 + 893*v - 73. Give p(-32).
23
Let u(j) = -6*j**2 - 60*j + 2. Calculate u(-10).
2
Let z(n) = -n**3 - 27*n**2 - 49*n - 9. Determine z(-25).
-34
Let k(c) = c**3 + 16*c**2 + 58*c + 253. What is k(-13)?
6
Let w(m) = 3*m**3 - 84*m**2 + 3*m + 14. Give w(28).
98
Let z(j) = 10*j**3 + 11*j**2 - 11*j - 27. Determine z(-2).
-41
Let d(s) = s**2 + 27*s + 255. Give d(-13).
73
Let u(a) = 2041*a - 14288. Give u(7).
-1
Let b(c) = -c**2 + 9*c + 5. What is b(3)?
23
Let p(q) = q**3 - 3*q**2 - 14*q + 21. Calculate p(7).
119
Let r(u) = -u**2 - 30*u + 127. Determine r(-37).
-132
Let g(j) = j**3 + 31*j**2 + 73*j + 295. Determine g(-29).
-140
Let a(k) = -k**3 + 4*k**2 + 16*k + 128. Calculate a(-8).
768
Let n(r) = 2*r**2 - 100*r - 375. What is n(51)?
-273
Let w(j) = j**2 + 33*j - 17. Calculate w(-35).
53
Let c(t) = t**2 + 41*t + 57. Calculate c(-40).
17
Let u(y) = -7*y + 76. Determine u(11).
-1
Let w(c) = c**2 - 33*c - 62. What is w(35)?
8
Let u(s) = 12*s + 20. Determine u(-6).
-52
Let n(z) = 178*z + 390. Calculate n(-2).
34
Let c(u) = 165*u - 5610. Calculate c(34).
0
Let s(m) = 2*m**2 + 102*m + 538. Determine s(-44).
-78
Let v(b) = -b**2 + 14*b + 1047. Determine v(40).
7
Let b(z) = 27*z - 2092. What is b(78)?
14
Let x(n) = 28*n + 72. Give x(7).
268
Let q(x) = -132*x + 8. Calculate q(0).
8
Let f(a) = -2*a**2 + 76*a - 234. Give f(3).
-24
Let f(u) = -19*u**2 - u - 17. Give f(4).
-325
Let f(v) = -385*v**2 + 2691*v + 24. What is f(7)?
-4
Let m(f) = -f**2 + 14*f + 21. Determine m(15).
6
Let p(k) = -16*k**2 - 6*k + 15. Calculate p(2).
-61
Let n(q) = 13*q - 62. Determine n(8).
42
Let g(l) = -651*l - 8475. What is g(-13)?
-12
Let b(i) = 225*i + 5851. Calculate b(-26).
1
Let x(o) = 260*o - 3120. What is x(12)?
0
Let s(w) = -w**3 - 12*w**2 - 42*w - 217. Give s(-10).
3
Let x(m) = 46*m**3 + m**2 + 18*m + 16. Calculate x(-1).
-47
Let s(y) = -921*y + 14737. What is s(16)?
1
Let j(w) = -w**3 + 12*w**2 - 16*w - 46. Give j(10).
-6
Let c(z) = -53*z - 2290. Calculate c(-43).
-11
Let t(d) = -13*d**2 - 1020*d - 464. Give t(-78).
4
Let u(s) = -s**3 + 8*s**2 + 111*s + 20. Give u(16).
-252
Let v(a) = -2*a**2 - 69*a - 502. Determine v(-13).
57
Let i(z) = 2*z**2 - 139*z + 1173. Determine i(59).
-66
Let h(n) = 213*n + 4465. What is h(-21)?
-8
Let f(y) = y**2 + 18*y - 28150. Give f(159).
-7
Let q(z) = z**3 + 88*z**2 + 335*z - 87. Determine q(-84).
-3
Let j(b) = -b**2 + 17*b - 1. Give j(5).
59
Let r(l) = l**3 + 41*l**2 + 45*l - 3816. Calculate r(-37).
-5
Let r(z) = -61*z - 86. Calculate r(-3).
97
Let j(a) = -4*a**3 - 103*a**2 - 161*a + 182. Determine j(-24).
14
Let g(j) = 191*j + 493. Give g(-3).
-80
Let s(p) = -17*p + 9. Give s(-11).
196
Let m(b) = 2*b**3 - 24*b**2 + 11*b - 69. Give m(11).
-190
Let f(b) = -2*b**2 - 32*b - 91. Calculate f(-4).
5
Let j(g) = -9*g + 654. What is j(72)?
6
Let t(p) = 540*p + 92336. What is t(-171)?
-4
Let x(t) = -t**3 - 26*t**2 - 24*t - 20. Give x(-25).
-45
Let v(a) = 32*a**3 + 5*a**2 - 3*a - 2. What is v(1)?
32
Let w(m) = -166*m + 2541. Determine w(16).
-115
Let d(i) = 3826*i - 38257. What is d(10)?
3
Let o(b) = -163*b**3 - 5*b**2 - 2*b + 1. Determine o(-1).
161
Let b(o) = -64*o + 379. Calculate b(7).
-69
Let j(a) = -3*a**2 + 22*a + 32. Determine j(-9).
-409
Let z(w) = w**3 + 12*w**2 - 29*w - 7. What is z(-14)?
7
Let h(u) = u**3 + 45*u**2 + 40*u - 229. What is h(-44)?
-53
Let s(o) = -o**2 - 21*o + 134. Give s(-26).
4
Let n(a) = a**3 - 60*a**2 + 273*a - 9107. Determine n(58).
-1
Let j(x) = x**3 - 96*x**2 - 727*x - 7. Determine j(103).
-625
Let a(m) = -5*m**2 - 15*m + 206. Determine a(7).
-144
Let v(b) = 7*b**2 + 18*b. What is v(-3)?
9
Let n(q) = -2*q**3 + 115*q**2 - 49*q - 458. Determine n(57).
-2
Let j(g) = -22*g**2 - 96*g - 95. Give j(-1).
-21
Let k(i) = -6*i**2 - 51*i + 144. Determine k(-11).
-21
Let h(y) = -20*y + 2096. Give h(113).
-164
Let b(o) = -o**2 - 57*o + 531. Give b(8).
11
Let r(q) = q**2 + 58*q + 461. Calculate r(-13).
-124
Let w(m) = 2*m**2 + 170*m - 356. What is w(-87)?
-8
Let y(v) = -3*v**2 - 4*v + 31. Calculate y(0).
31
Let l(v) = v**2 - 29*v - 67. Give l(35).
143
Let l(r) = 10*r**2 - 174*r + 46. Calculate l(17).
-22
Let r(j) = -13*j - 2125. Calculate r(-141).
-292
Let y(p) = -13*p**2 - 98*p - 13. Give y(-5).
152
Let w(f) = -20*f**3 - 9*f**2 - f + 3. What is w(-1)?
15
Let q(o) = 66*o + 257. Give q(-4).
-7
Let w(h) = h**2 - 40*h + 33. Calculate w(34).
-171
Let o(t) = -2*t*